 - 7*h + 2. Let v be z(7). Suppose 1 = v*b + u, 6*b - 1 = 3*b - u. Let o = b + 0. Calculate n(o).
-1
Let h(i) = -i**3 - i - 1. Let c be h(-1). Let m(k) be the second derivative of 3*k**3 - k**2/2 - 21*k + 1. Determine m(c).
17
Let o(r) = -3*r**3 - 3*r**2 + r - 1. Let n(l) = -2*l**3 - 2*l**2 + l - 2. Let v(u) = -4*n(u) + 3*o(u). Let m be (0 - 2 - -4) + 118. Let d = m - 120. Give v(d).
5
Let q(m) = 12*m**2 - 5*m**2 - 4*m**3 - 21*m**2 + 3*m**3 + 10. Let t be q(-14). Let u = 7 - t. Let j(d) = -d + 2. Give j(u).
5
Let r(d) = 17*d + 15. Let h(k) = 15*k + 13. Let o(c) = 6*h(c) - 5*r(c). Calculate o(-2).
-7
Suppose 4*n = -n - 4*u + 11, -5*n = -5*u + 25. Let h(a) = -29*a**3 + 2*a**2 + a. Give h(n).
30
Suppose 5*h - 3*p - 19 = 0, -h - 7 = -4*h + 4*p. Let z(d) = 0*d - 6 + d + h + d. Suppose 5 + 1 = -3*j. Give z(j).
-5
Let g(w) = -6*w**2 + 1. Let l be g(-1). Let s(q) = -61*q**2 - 5*q - 9. Let y(x) = 10*x**2 + 1. Let i(o) = s(o) + 6*y(o). Give i(l).
-3
Let q(t) = -9*t**2 - 6*t - 36. Let v(d) = 2*d**2 - d + 1. Let h(p) = q(p) + 5*v(p). Determine h(13).
-5
Let a(g) = -g**2 - 4*g - 4. Let q be 2*-5*1/(-2). Suppose -q - 19 = 6*k. Give a(k).
-4
Let m be -3 - (-8 + (2 - 3)). Let u(d) = -d**3 + 5*d**2 + 5*d - 1. Let q be u(m). Let o be q/(-28) - 21/4. Let g(x) = 2*x + 5. Determine g(o).
-5
Let k(c) = 20*c - 33. Let p be k(5). Let a = 73 - p. Let q(t) = t**2 - 6*t - 3. Calculate q(a).
-3
Let c(i) = i**2 + 4*i - 8. Let h be c(-6). Let n(x) = -2*x**2 - x**3 - 3*x**2 - 2*x - 2 - h*x. Let t = -219 - -215. Determine n(t).
6
Let r(y) = -3*y**2 + 6*y**2 + 1 + 2*y + 0 + 0*y**2. Suppose 0 = -3*q + 2*u - 21, 3*u + 11 = 2*q - 6*q. Let m be (-3)/15*2*q. Calculate r(m).
17
Let a(m) = 6*m - 3. Let b be a(1). Let s(f) = -6*f**3 + 1 + 7*f**3 - 4*f + 4 - b*f**2. Determine s(4).
5
Let c(x) be the first derivative of -x**3/3 - x**2 - x - 1. Let m(z) = z**2 + 15*z - 35. Let t be m(-17). Determine c(t).
0
Let v(u) = -4*u - 2. Let o = 163 + -166. Calculate v(o).
10
Let d(w) = 409 + 422 - 824 - 2*w. What is d(-10)?
27
Let g(x) = 3*x**2 + 4*x - 15. Let c(a) = -2*a**2 - 3*a + 14. Suppose -39 = -h - 35. Let q(i) = h*c(i) + 3*g(i). Determine q(0).
11
Let y(r) = 5*r - 58 - 5*r**2 + 31 + 31 + 12*r**2. Give y(-1).
6
Let r(x) = -5*x. Suppose -12 = -m + 8. Suppose -m = -5*p - 10. Let k be (p - 4)/(5 + -3). Calculate r(k).
5
Let o(m) be the second derivative of -m**3/3 - 7*m**2/2 - 5*m. Let z be 5*2*(-3)/(-2). Let y be (-69)/z + (-4)/10. What is o(y)?
3
Let p(n) = -16*n + 5. Let w(i) = -17*i + 6. Let s(v) = -5*p(v) + 4*w(v). Let j be ((-6)/(-14))/(228/532). Calculate s(j).
11
Let p(d) be the second derivative of -d**5/20 - d**4/3 + 7*d**3/6 + 2*d**2 + 8*d. Suppose -2*w - 56 = 4*o, 3*w - 15 - 21 = 4*o. Let m = 7 + o. Give p(m).
-6
Let a(r) = 4*r**3 - 3*r**2 - 5*r - 4. Let j(f) = -5*f**3 + 5*f**2 + 6*f + 6. Let b(x) = 4*a(x) + 3*j(x). Calculate b(2).
18
Let t(w) = -w**2 + 8*w - 2. Let z(n) = 77*n - 1. Let f be z(-1). Let u = -55 - f. Let g = -17 + u. Calculate t(g).
10
Let r(n) = 16*n + 112. Let i be r(-7). Let y(d) be the third derivative of 0 + i*d - d**2 - 1/6*d**4 - 1/6*d**3. What is y(2)?
-9
Let h(f) = 7*f - 12. Let s(v) = -6*v + 11. Let b(j) = -5*h(j) - 6*s(j). Let w be 62/5 + (-60)/150. Suppose 0*u + 4*u - w = 0. What is b(u)?
-3
Let w = 38 + -13. Suppose 4*x - w = -x. Let r(t) = t**3 - 4*t**2 - 2*t - 3. Determine r(x).
12
Let v(o) = -48*o**2 + 21*o**2 + 26*o**2 + 0 - 8*o - 6. Determine v(-8).
-6
Let d(z) = -z**2 - 11*z - 19. Let r be d(-8). Let c(u) = u**2 + u. Let o(s) = -s**3 + 2*s**2 - 13*s + 8. Let n(t) = r*c(t) + o(t). Calculate n(6).
-4
Let d(a) = 5*a + 4. Suppose 0 = w - 3 + 1. Suppose -2*o - 22 = -0*o. Let i(t) = t + 1. Let c(k) = o*i(k) + w*d(k). Give c(-6).
3
Let h(z) be the third derivative of -z**5/12 + z**4/12 + 69*z**2 + 2. Give h(1).
-3
Let q(s) be the third derivative of -s**7/2520 + s**6/720 - 23*s**5/60 + 28*s**2. Let y(t) be the third derivative of q(t). Determine y(3).
-5
Suppose 4*q + q = 40. Let p(a) be the second derivative of -a**4/12 + 3*a**3/2 - 5*a**2/2 - 9*a - 1. Determine p(q).
3
Let t be (-1 + 5)*2/4. Let s(w) = -2*w + 2*w - w - t - 7. Give s(-6).
-3
Let h(p) be the third derivative of -2*p**2 - 1/24*p**4 - p**3 + 0 + 0*p. Suppose -2*k + 5*k + 18 = 0. Give h(k).
0
Let t be (1 + 1 - (712 + -29))/(-3). Suppose -q + 3*p - 19 = -3*q, -2*p + 4 = -3*q. Let x(a) = -7*a + 223 - a - a**q - t. Determine x(-5).
11
Let i(f) be the second derivative of 3/2*f**3 + 0*f**2 - 1/12*f**4 + 21*f + 0. What is i(9)?
0
Let u(b) = -b**3 - 5*b**2. Let k be (17/34)/(1/(-106)). Let i = 49 + k. Give u(i).
-16
Let k = 15 - 15. Let b be k*(-4)/12 + 15. Suppose b*x = 14*x. Let f(w) = -w + 10. Calculate f(x).
10
Suppose 360 = 3*c + f, f + f + 611 = 5*c. Let z = c - 126. Let y(t) = t**3 + 4*t**2 - 6*t + 3. Give y(z).
8
Let v(i) = i**3 - 11*i**2 + 11*i - 5. Let n be (20 - 4) + -3 + -3. What is v(n)?
5
Let p(l) = -2*l**2 + 2. Suppose 6*y = y + 20. Suppose -4*o - y = 4. Determine p(o).
-6
Let o(s) = s**3 + 5*s**2 - 2*s + 1. Let k = -1388 - -1383. Calculate o(k).
11
Suppose -a = -3*m - 3, a = 4*m - 2*m + 3. Suppose 2*c - 23 = -3*x, -3*x + 3 = -3*c - 0. Let l(h) = x - 2 + 5 + h + 0. Determine l(m).
8
Let q(t) = t - 2. Let v = -205 + 205. Give q(v).
-2
Let u(n) = 2*n - 21. Let g be u(12). Suppose g*k = -k - 16. Let a(r) = -r**2 + 3. Give a(k).
-13
Let z(b) be the second derivative of 0 + 2/3*b**3 - 1/2*b**2 - 15*b. Determine z(4).
15
Let i = 28 + -21. Let o(s) = 409*s**3 + i*s**2 - 3*s - 408*s**3 - 5*s**2 - 3. Suppose 7*q + 8 = 3*q. Give o(q).
3
Let a(x) = -x - 3. Suppose -21 = 7*t - 14*t. Suppose -16 = -t*o - 4*y, 0 = y - 1 - 3. Give a(o).
-3
Let w(k) = 4*k + 29. Let v(f) = 3*f**2 + 31*f + 24. Let u be v(-10). Let r(l) = -l - 9. Let o(h) = u*r(h) + 4*w(h). Determine o(8).
6
Let s(x) = -x**3 + x**2 - 2*x - 1. Let b be 0/(0/1 + 2). Suppose -j + b*j + 2 = 0. What is s(j)?
-9
Let w be 9/6 - (-4)/(-16)*-10. Suppose 5*i - 2*i = 6. Let a(h) = 0*h**i - 2*h - 2*h + 5*h**2 - h**3. Determine a(w).
0
Let g(q) = 2*q + 45 - 11 - 16 - 19. Suppose v - 3*v = 2. Determine g(v).
-3
Let h be (-16)/1 + 110 + -100. Let i(f) = f**3 + 9*f**2 - 8*f. Let k(d) = -d**2 - 1. Let g(n) = i(n) + 4*k(n). Calculate g(h).
8
Suppose 44*c - 62*c + 144 = 0. Let y(d) = d**2 - 10*d + 16. Calculate y(c).
0
Let i(k) = k + 2. Let h(g) = -g - 2. Suppose 3*m - 212 = -5*t, 5*m - 176 = -4*t + m. Suppose -5*v - t = -3*p - 3, p + 21 = -5*v. Let j be h(v). What is i(j)?
5
Let s(c) = c**2 - 2*c - 5. Let q = 48 + -45. Let a be 4*(q + (-4 - -2)). Give s(a).
3
Let i(m) = -11*m**2 + 10*m + 12. Let p(n) = -4*n**2 + 3*n + 4. Let v(d) = 3*i(d) - 8*p(d). Calculate v(7).
-3
Suppose 0 = -6*p + 2*p + 4. Suppose 0 = -3*v + 3*t + 2*t + 36, 4*v - 16 = -4*t. Let b(r) = v + 3 + 1 + r**2 + 5*r**3 - 2*r - 10. Calculate b(p).
5
Let r(c) = 3*c**3 + c**2. Let n be -2*(-1 + 3 + -4). Suppose -a - 3*a + n = 0. Give r(a).
4
Let o(n) be the third derivative of 3*n**3 + 0*n + 1/24*n**4 - 26*n**2 + 0. Calculate o(0).
18
Suppose 0 = -g + 2*o + 2, g = 12*o - 8*o. Let n(m) = -2*m**2 - m + 10. What is n(g)?
-26
Let v(u) be the third derivative of u**3/6 - 10*u**2. Suppose 2*o + 0*o + 10 = 0. Let k(w) = w + 4. Let g(b) = o*v(b) + k(b). Give g(-5).
-6
Let j be (66/(-12))/(1/(-2)). Let s(y) = 4 - 2*y - 1 - j. What is s(-6)?
4
Let c be 22/6 + 1/3. Let k = c - 1. Let j(g) = -2*g**2 + g - 1. Let d(r) = r**2. Let b(o) = -3*d(o) - 2*j(o). Determine b(k).
5
Let x = -13 - -19. Suppose -7*h - 3 = -x*h. Let p(y) = 6*y + 3. Let b(r) = -5*r - 2. Let o(a) = -7*b(a) - 6*p(a). Give o(h).
-1
Let m(u) = u**2 - 3*u - 4. Let k(a) be the second derivative of a**5/20 - a**4/2 + 5*a**3/3 - 19*a**2/2 - 14*a. Let y be k(5). Calculate m(y).
14
Let q(w) = -w**2 - 5*w + 5. Let v(b) = -2*b**2 + 27*b - 19. Let l be v(13). Calculate q(l).
-1
Let h(g) = 2*g - 4. Let s be h(-2). Let c(w) = 3*w**2 - 12*w - 7. Let d(a) = 5*a**2 - 18*a - 11. Let t(j) = s*c(j) + 5*d(j). Determine t(-5).
-4
Suppose 0*z - 2*a = 4*z - 18, z = -5*a. Let q(s) = -4*s - 1. Calculate q(z).
-21
Let a(j) be the third derivative of j**6/120 - j**5/10 + j**4/3 - j**3 - 6*j**2. Let f be a(4). Let z(u) = 4 + 2*u + 0 + 2. What is z(f)?
-6
Let i(h) = -5 + h**2 - 3*h + h**2 + 0. Suppose 14*q = 7635 - 7579. Determine i(q).
15
Suppose 0*s + 12 = 2